. Let q be ((-5)/3)/((-4)/12). Let y be i(q). Suppose -5*j - 15 = -y. Is j a multiple of 3?
False
Let v be 26/(-91) - (-30)/7. Suppose 0 = 3*b + 5*q - 73, -v*b = 4*q + q - 104. Does 8 divide b?
False
Let f = -5 + 8. Let r be (-77)/(-28) - (-1)/4. Suppose -f*l = -5*l + 2*x + 90, -x = -r*l + 131. Does 23 divide l?
False
Let p(r) = 5*r**2 + 19*r + 29. Is p(-6) a multiple of 33?
False
Let u(b) = 13*b**3 - 2*b**2 + 2*b - 1. Does 3 divide u(1)?
True
Suppose 19 = 5*h - 4*b, -h + 2*b = -b - 6. Suppose 0 = -o - 5, -2*t = h*o - 2*o - 37. Is t/2 - 3/(-6) a multiple of 5?
False
Let f = 5 - 7. Let b(y) = -27*y - 1. Is 20 a factor of b(f)?
False
Let n(u) be the third derivative of u**6/40 - u**4/12 + u**3/6 - 2*u**2. Let p be n(1). Let k = p + 17. Does 8 divide k?
False
Let w(a) = 12*a + 1. Let h(j) = j. Let x(p) = 3*h(p) - w(p). Does 10 divide x(-6)?
False
Let h = -7 - 1. Let l = 0 - h. Is 4 a factor of l?
True
Does 9 divide 1 + -4 - (-228)/(5 - 1)?
True
Suppose 0 = 5*m + o + 3*o + 10, 4*m - o = -29. Is 13 a factor of 4/m + (-176)/(-3)?
False
Let v be 3/(-2)*(-2 - 0). Suppose 0*t - v*t = -30. Does 10 divide t?
True
Is 67 + 5 + -1 + -8 a multiple of 9?
True
Is 3 a factor of 21/(-2 - (-28)/8)?
False
Let r(w) = -71*w**3 + w**2 - w + 1. Let b be r(1). Suppose 2*m = 145 + 55. Let i = b + m. Is 15 a factor of i?
True
Let b = -20 + 19. Let u(r) be the first derivative of -15*r**4/4 + r + 1. Does 8 divide u(b)?
True
Let l be (7/2)/(1/2). Let i = -8 - -5. Let y = i + l. Is y a multiple of 2?
True
Let w = 26 + 37. Does 21 divide w?
True
Let x(j) = -j**3 - 8*j**2 - 8*j + 6. Is 5 a factor of x(-7)?
False
Suppose 0 = 4*c - 5*s + 75 + 40, -4*s + 62 = -2*c. Let b = c + 43. Does 5 divide b?
False
Let d = 5 - 3. Let u(l) = -6*l**2 - 4*l**d + l + 4*l**2 - l**3 + 8. Is 2 a factor of u(-6)?
True
Let n(u) = -11*u + 4. Let q(m) = 12*m - 4. Let c(h) = -3*n(h) - 2*q(h). Does 19 divide c(4)?
False
Suppose -2*d - 479 + 1165 = 0. Is d a multiple of 28?
False
Suppose 12 = -3*c - 0*c. Let r be (-2 - -2) + (-2 - c). Is 5/(14/6 - r) a multiple of 15?
True
Let z(g) = -g**3 - 3*g**2 - 3*g - 2. Let y be z(-3). Suppose 2*a - 11 = -n + 5*a, -a + y = 5*n. Let l(t) = 8*t - 3. Is 6 a factor of l(n)?
False
Let q be 0/(2/((-2)/(-3))). Suppose g + g - 58 = q. Suppose 0 = 3*m - g - 4. Is 5 a factor of m?
False
Let x(l) = -l + 10. Let n be x(6). Let v = n + 2. Is v a multiple of 6?
True
Let w(o) = -1 - 2*o + o**2 + o + 2*o. Does 5 divide w(2)?
True
Let h(i) = -2*i - 5. Let m = 8 + -17. Does 3 divide h(m)?
False
Let w(q) = 3*q**2 + q + 8. Let x be w(-5). Suppose -3*f = 2*m - 70, m - x = -4*f + 6*m. Is 6 a factor of f?
False
Let j(t) = t**2 + 5*t + 18. Does 14 divide j(-8)?
True
Let v(h) = h + 13. Let k be v(-7). Suppose -2*b + 2 = -k. Is b a multiple of 2?
True
Suppose 3*y - 2 = 10. Is 2 a factor of y?
True
Let o(c) = -c**3 - 2*c**2 - 2*c - 1. Let g be -1 + (0 - (-2 - -2)). Let j be o(g). Suppose j = -0*d - 4*d + 96. Does 12 divide d?
True
Suppose 0 = 8*s + 358 - 1590. Is s a multiple of 14?
True
Let p(x) = 29*x**2 - 1. Does 19 divide p(-1)?
False
Suppose 3*x - 2*k = -2*x + 10, -5*x + k + 10 = 0. Let w be (-1)/(-2) - 85/(-2). Suppose -x*c + w = -25. Is 17 a factor of c?
True
Let c = -1 + 1. Suppose c = s - 4 - 3. Is s/(10/4 + -2) a multiple of 7?
True
Let n = -19 + 31. Let k be 1/4 - 75/n. Let a(u) = u**2 + 7*u + 8. Is 2 a factor of a(k)?
True
Suppose 2*a - o + 2*o - 7 = 0, 2*o + 4 = 2*a. Let t = -14 - -26. Suppose -5*j - u + 136 = 0, 6*u - a*u = -t. Is j a multiple of 12?
False
Let h = 1 - -35. Is h a multiple of 4?
True
Let z be 0 + 0 + (2 - -13). Suppose -z = -i + 4*i. Let n(t) = -t**3 - 4*t**2 + 2*t - 6. Is n(i) a multiple of 6?
False
Let r(w) be the first derivative of 3*w**2/2 - 5*w - 3. Is 19 a factor of r(8)?
True
Let y(n) = -14 + 13*n + 8 + 3. Does 18 divide y(3)?
True
Suppose 2*z + 37 + 99 = 0. Let k = -44 - z. Is 10 a factor of k?
False
Let q = -6 + 5. Let j = q - -6. Is 2 a factor of j?
False
Let o = 3 - 3. Suppose -3*l + l + 22 = o. Does 6 divide l?
False
Let x = -18 - -108. Is x a multiple of 30?
True
Suppose o + 4*c = -0*c - 10, 5*o - 13 = c. Suppose 3*h - 80 = -o*h. Is 6 a factor of h?
False
Let m = -305 - -530. Is 21 a factor of m?
False
Suppose -2*u = 6*u - 216. Does 6 divide u?
False
Let z(c) = 120*c**2. Is z(1) a multiple of 10?
True
Is 25 a factor of 17/34 + (-386)/(-4)?
False
Suppose r = -2*r - 5*h - 568, -2*h = 5*r + 934. Let p be (r/12)/(1/(-8)). Suppose -8 = 4*j - p. Is j a multiple of 10?
False
Suppose -5*r - 3*g + 101 + 529 = 0, -5*r + 640 = 5*g. Does 41 divide r?
True
Let m = 147 + -81. Let x be ((-2)/3)/((-1)/m). Let c = -4 + x. Is c a multiple of 20?
True
Let g = -6 - -6. Suppose -4*m = -g*m - 264. Suppose -4 = 2*d - m. Is d a multiple of 11?
False
Suppose 0 = 2*t + t - 3*g - 6, 4*g - 10 = -2*t. Suppose t*h = 0, 3*s + h = -2*s + 45. Is s a multiple of 8?
False
Suppose 3*a - 7*a - 5*j = -328, -2*a + 2*j = -164. Is 23 a factor of a?
False
Suppose 3*l = 5*w - w + 36, -3*w = -l + 12. Is l a multiple of 4?
True
Let w(m) be the second derivative of m**5/4 - m**4/12 - m**3/6 + m**2 + m. Does 18 divide w(2)?
True
Let i be (-1)/4 - 145/(-4). Let w be 164/8 + (-6)/(-4) + 0. Let v = i - w. Is 7 a factor of v?
True
Let b = 26 - 66. Let l = b + 79. Does 13 divide l?
True
Let o(a) = a**3 + 11*a**2 - 15*a + 5. Is o(-12) a multiple of 4?
False
Let l(s) = s**2 - 3*s - 10. Is 8 a factor of l(-4)?
False
Suppose 4*y + 5*u = 2*y - 9, -u + 3 = 2*y. Is 17 a factor of (3 - -39 - -2) + y?
False
Let f(b) = 9*b**2 + 3*b + 3. Let g be f(-6). Let d = -186 + g. Does 32 divide d?
False
Let q = -194 - -272. Does 13 divide q?
True
Let y = -8 + 9. Is (-1)/(0 + y/(-8)) a multiple of 8?
True
Let y = 11 - 8. Suppose w = -5*o + y*w + 170, -4*w = 4*o - 136. Does 18 divide o?
False
Let c = 214 - 31. Suppose 5*q - c - 3 = 3*p, -5*p = q - 26. Is 9 a factor of q?
True
Suppose 7*u - 4*u = 15. Is u even?
False
Is 3 a factor of (18/(-10))/((-27)/90)?
True
Let m(w) = 27*w**2 - 2*w + w - 4*w**2 + 2*w. Is m(1) a multiple of 8?
True
Let f = 141 + -5. Is 55 a factor of f?
False
Let c(r) = -3*r - 4. Let d(w) = 15*w**2 - w. Let f be d(1). Suppose -5*y = -3*y + f. Does 17 divide c(y)?
True
Is 149/7 + 10/(-35) a multiple of 21?
True
Let k(s) be the third derivative of 3/8*s**4 + 0*s + 1/6*s**3 - 2*s**2 + 0. Is 19 a factor of k(2)?
True
Suppose -5*a = b - 7, b - 3*a - 7 = -0*a. Let p = 33 - b. Is 14 a factor of p?
False
Suppose 0*z + 4*z - 8 = 0. Let d(c) = -4*c + 22. Let p be d(5). Suppose p*q - 22 = 3*j - 2*j, -2*j - 22 = -z*q. Is q a multiple of 4?
False
Let c(m) = -2*m + 6. Let q be (0 - -6)/((-4)/4). Is 14 a factor of c(q)?
False
Let j = 137 - 15. Is j a multiple of 36?
False
Let c(g) = -g + 1. Let s(x) = -14*x - 8. Let w(u) = -12*c(u) + s(u). Is 3 a factor of w(-15)?
False
Let x(f) be the second derivative of -f**5/20 + f**4/2 - f**3/6 - 5*f**2/2 + 3*f. Let t be x(6). Is 27 a factor of 618/11 - (-2)/t?
False
Let v(f) = f**3 - 6*f**2 + 8*f - 8. Let s = 188 - 278. Let x be ((-4)/5)/(12/s). Is v(x) a multiple of 13?
False
Suppose -3*m + 5*m - 272 = 0. Is m a multiple of 36?
False
Let r = 722 + -498. Is 36 a factor of r?
False
Let v be (-2 + 0 + 3)*0. Suppose 0 = 2*s + k - 8, k - 5 = -s - v*s. Suppose -4*p = s - 51. Is p a multiple of 6?
True
Suppose x - 37 = 2*x. Let q = x - -55. Does 18 divide q?
True
Let z(s) = 23*s**2. Let i be (-6)/2 - (3 - 1). Let c = -6 - i. Does 15 divide z(c)?
False
Suppose 0*x = -5*x + 220. Let u = -29 + x. Is 8 a factor of (-50)/u*24/(-5)?
True
Suppose -4*l = -5*f - 2*l - 65, -3*f - 23 = 2*l. Let w = f + 48. Is 15 a factor of w?
False
Let c(h) = h**3 + 7*h**2 + 6*h + 6. Is 15 a factor of c(-4)?
True
Is 4 a factor of 86/6 - (-14)/21?
False
Suppose -3 = 2*b + 5. Let y be 10*3*b/(-30). Suppose -y*l = -3*n - 130, -5*l = -6*n + 2*n - 162. Is 14 a factor of l?
False
Suppose -5*h - 102 = -5*c - 8*h, -5*c - 5*h + 110 = 0. Is 2 a factor of c?
True
Let o = -383 - -607. Is o a multiple of 40?
False
Let f = 56 - 18. Does 30 divide f?
False
Does 22 divide 3/((6/260)/1)?
False
Let f be (-8)/12 - 22/(-6). Is f/6 - (-27)/2 a multiple of 14?
True
Let d(t) = 2*t**2 + 3*t - 4. Let z be d(-3). Suppose -2*r = -z*r + 24. Is 3 a factor of r?
False
Suppose -u + 2 + 4 = 3*o, 0 = -4*u + 5*o - 44. Let j be 2/3 - 68/u.